ighest common divisor of z and 21?
3
Let r be 0 + (-30)/(-2*1). Let a be (-1651)/(-10) - 10/100. Calculate the highest common factor of r and a.
15
Let i = 4 + 0. Let n(f) = 2*f**2 + 2*f + 5. Let o be n(i). What is the highest common divisor of o and 9?
9
Suppose -4*w + 9*w = 45. Let r = w + -2. Let d = -235 - -242. Calculate the highest common factor of d and r.
7
Let t = 3 - 1. Let b(h) = -h**2 + 3*h - 5. Let d be b(-4). Let w be (-34)/(-4) + d/(-22). Calculate the highest common factor of w and t.
2
Let a be (-140)/(-2)*1/1. Let t be (-30)/2*(-2)/3. What is the highest common divisor of t and a?
10
Let b = -75 - -76. What is the greatest common factor of b and 5?
1
Let g(k) = k + 9. Let w be g(-6). Let q(o) = 3*o - 2*o + 5*o - 4. Let r be q(w). What is the greatest common factor of r and 21?
7
Suppose -2*g + 2 = -g. Suppose 24 = g*a - 0*a - 3*t, 0 = 5*t. Calculate the greatest common factor of a and 60.
12
Suppose 54 = p - 42. What is the greatest common divisor of p and 12?
12
Suppose 3*y - 91 + 17 = -2*i, y + i = 25. Calculate the highest common factor of 3 and y.
3
Suppose 0 = -20*u + 1717 + 383. Calculate the greatest common factor of 35 and u.
35
Let l be (-2)/12 + 1140/(-72). Let o = 17 - l. Calculate the highest common divisor of o and 3.
3
Let i be 2*(-5)/(10/16). Let q = i - -34. Calculate the highest common factor of q and 90.
18
Suppose 4*p + v - 15 = 24, 5*p + 3*v = 40. Suppose 4*x + 0*h - 4*h = 8, -5*h = -5. Suppose p = x*f - 13. Calculate the greatest common divisor of 32 and f.
8
Suppose -m + 2*m - 14 = 0. Let y = 27 - m. Calculate the greatest common factor of y and 39.
13
Let z be 1/(((-6)/(-10))/3). Suppose j - 10 = a + 6, 0 = j + z*a + 8. What is the greatest common divisor of 108 and j?
12
Suppose a - 5*i + 6 = 5*a, -2*a + 2*i + 12 = 0. Suppose -2*l - 2*l - a*k = 4, 3*l = -5*k - 13. Calculate the highest common factor of l and 10.
2
Let c be (-1)/(-1) + (-2 - -1). Suppose 2*m - 1 - 5 = c. Let o be ((-22)/m)/((-6)/162). Calculate the greatest common divisor of o and 22.
22
Let y = 174 - 84. Suppose n = -3*n + 160. Suppose 3*s + 14 - 2 = 0, -c + n = -s. What is the greatest common divisor of c and y?
18
Suppose 6*g - 8*g + 43 = 3*l, 19 = g - l. What is the greatest common divisor of g and 16?
4
Suppose -2*z - 9 = z. Let b be ((-3)/z)/(1/5). Calculate the highest common factor of b and 1.
1
Let s(r) = 3*r**2 + r + 6. Let f(i) = -i**3 + 4*i**2 - 2*i + 2. Let a be f(4). Let z = 0 + a. Let u be s(z). What is the greatest common divisor of 12 and u?
12
Let n = 155 - 67. What is the greatest common divisor of n and 11?
11
Let c = -1 + 1. Let s = 2 + c. Let t be (-74)/(-4) + 2/(-4). Calculate the greatest common divisor of s and t.
2
Let w(q) be the second derivative of -q**3/3 - q**2/2 + 3*q. Let n be w(-6). What is the highest common factor of 44 and n?
11
Let p(f) = 2*f + 7. Let g be p(7). Let u = 12 - 9. What is the greatest common factor of u and g?
3
Let d be ((-3)/4)/(2/(-104)). Let s be d/(-5) - 7/35. Let r(n) = -6*n - 3. Let b be r(s). Calculate the highest common factor of b and 15.
15
Suppose 3*d - 4*d = -5. Suppose d = p - 6. What is the highest common factor of p and 88?
11
Let a = -2 - -4. Suppose q - a*q - 6 = 0. Let m be (4 - q/(-3)) + 79. What is the highest common divisor of m and 9?
9
Let q(t) be the first derivative of t**3/3 + 4*t - 5. Let r be q(0). Calculate the greatest common divisor of r and 8.
4
Suppose -2*n = -2*i - 152, -4*n + 5*i + 300 = -0*n. What is the highest common divisor of 10 and n?
10
Let a(k) = k**3 - 5*k**2 + k + 7. Let s be a(5). Calculate the highest common divisor of 96 and s.
12
Let j(f) = -f**2 - 5*f - 4. Let p be j(-3). Suppose -n + 37 = p*r - 4*n, -5*n = 25. What is the highest common factor of r and 88?
11
Suppose 0 = 2*z + 4*z - 270. Calculate the highest common divisor of z and 30.
15
Suppose 0 = 7*c - 72 + 23. Calculate the highest common factor of c and 77.
7
Let v = 3 - 1. Suppose -4*p - 38 = -3*l + 113, -106 = -v*l + 4*p. Calculate the greatest common factor of 18 and l.
9
Let o = 24 - 16. Suppose 10 = -2*c - 0*c. Let y be 2/(-5) + (-7)/c. What is the greatest common factor of y and o?
1
Suppose -2*i = 4*h - 68, -5*h + 9 + 16 = 0. Calculate the greatest common divisor of 6 and i.
6
Suppose z + 234 = 10*z. Let r = 60 + -21. What is the greatest common divisor of z and r?
13
Suppose -78 = 2*d - 5*d - 3*o, 64 = 4*d - 4*o. Let u = d - 3. Let k be (u/(-8))/(21/(-112)). What is the greatest common divisor of 96 and k?
12
Let d = 18 + -3. Suppose 4*s - 73 = d. Suppose 0 = -m - 0*m + 3*p + 20, 2*p = 5*m - 61. Calculate the highest common divisor of s and m.
11
Let h(b) = -197*b + 2. Let d be h(-2). Suppose 2*k = -2*o + 160, -2*o = 5*k + 2*o - d. Calculate the greatest common divisor of 19 and k.
19
Let s(v) be the first derivative of v**2/2 + 6*v + 2. Let g be s(-8). Let w be 4 + 3 + g - 2. What is the greatest common factor of w and 27?
3
Let y(p) = 3*p**2 + 6*p + 6. Let j be y(-3). Calculate the highest common factor of j and 75.
15
Let q(j) = -4*j - 8. Let b be q(-6). Suppose 0 = o - 2*x - 10 - 4, 4*x + b = 0. Calculate the highest common factor of 2 and o.
2
Let n(m) = m**2 - 6*m + 4. Let d be n(6). Let g(w) = w**2 - 12*w - 1. Let p be g(15). What is the greatest common divisor of p and d?
4
Let a(t) = 0*t + 7 - 4*t + 4*t + t. Let d be a(7). Suppose -r = r - 70. What is the highest common divisor of r and d?
7
Let v be (-436)/(-8)*4 - -2. Calculate the greatest common divisor of v and 20.
20
Let a(j) = 9*j. Let r be a(4). What is the greatest common factor of 4 and r?
4
Let g be 14*(-1 - (-18)/4). Let h = -2 + 9. Calculate the greatest common factor of g and h.
7
Suppose -244 - 206 = -5*k. Calculate the highest common factor of 60 and k.
30
Let c = 44 - 32. Suppose -5*s = -q + 75, -q - 2*q + 186 = -2*s. Calculate the highest common factor of c and q.
12
Let s(l) = 9*l**2 - 2*l - 5. Let p be s(-5). Suppose g = 2*w + 29, -p = -5*g - 3*w - 20. Let j = -24 + g. Calculate the greatest common divisor of j and 5.
5
Let v(d) = -34*d + 24. Let t be v(-2). Calculate the highest common factor of t and 138.
46
Let x = 14 + -12. Calculate the highest common divisor of x and 4.
2
Suppose 5*z = 5*f - 730, -5*f + 0*f + 4*z + 728 = 0. What is the greatest common divisor of f and 9?
9
Suppose -2*p = p. Let b(d) = 4*d + 4. Let n be b(2). Suppose -4*w + 2*a = -62 + 14, p = -3*a - n. Calculate the greatest common factor of 50 and w.
10
Suppose 0 = 16*z - 14*z - 40. Calculate the greatest common factor of z and 240.
20
Let j(x) = -6*x - 6. Let u be j(-3). What is the greatest common divisor of u and 48?
12
Let b = -52 - -86. Suppose -25*h + 24*h = -b. What is the greatest common divisor of h and 85?
17
Suppose -4*f = 4*t, -2*t + 4*f = f - 25. Let v be (-3 - 88/(-20))*t. What is the greatest common factor of 1 and v?
1
Let f = 3 - 1. Suppose 0 = -f*q + 5*j + 24, -8*q + 48 = -4*q + 5*j. What is the greatest common divisor of 108 and q?
12
Let a(q) = -q**2 + 4*q. Let t be a(3). Suppose 0*w - 3*w = 3*d - 6, -t = 3*w. What is the greatest common divisor of 1 and d?
1
Let d be (2*(-35)/30)/(2/(-30)). What is the greatest common factor of d and 280?
35
Let i be 64/28*(2 - (-3)/2). What is the highest common divisor of 136 and i?
8
Let s be (-2 + (-32)/(-12))*225. Let o = 230 - s. What is the highest common factor of o and 16?
16
Let i be 6/4*(-26)/(-3). Let k = i + 0. Let h(w) = 2*w**3 + 18*w**2 - 5*w - 19. Let b be h(-9). What is the greatest common factor of b and k?
13
Suppose j = -4*t + 35, 0 = -t - t + 10. Suppose -2*x = -k + 3, 15 = 6*k - k. Let o be 1 - (x + -73 + -1). What is the greatest common divisor of o and j?
15
Let t(j) = j**2 + 3*j + 9. Let y be t(-3). Calculate the greatest common factor of y and 72.
9
Let r(c) = 12*c**2 + 2*c - 1. Let j be r(1). Calculate the greatest common divisor of 13 and j.
13
Suppose -5*m + 111 = -64. Calculate the highest common divisor of 385 and m.
35
Suppose 4*a - 4 - 108 = 0. Suppose 0*g = -2*g + 8. What is the highest common factor of g and a?
4
Suppose 171 = 5*o + 3*z, 24 + 19 = o + 5*z. Let q be o/(-4)*(-7 + 3). Suppose -2*b = 2, 3*f + 2*b = -3*b + 28. Calculate the highest common divisor of f and q.
11
Suppose -6*p = -11*p + 85. Suppose 5 - p = -l. Calcu